 of 571574052?
2
What is the hundred thousands digit of 879043753?
0
What is the billions digit of 1666636651?
1
What is the tens digit of 133084739?
3
What is the tens digit of 263938608?
0
What is the tens digit of 84212389?
8
What is the ten millions digit of 854787322?
5
What is the hundred millions digit of 153396091?
1
What is the units digit of 7977245?
5
What is the ten thousands digit of 43091658?
9
What is the tens digit of 484386383?
8
What is the tens digit of 240058345?
4
What is the units digit of 6407752512?
2
What is the millions digit of 35306185?
5
What is the millions digit of 21627962?
1
What is the thousands digit of 7115518951?
8
What is the units digit of 468706532?
2
What is the tens digit of 238913471?
7
What is the tens digit of 4304932882?
8
What is the tens digit of 56490612?
1
What is the units digit of 190047997?
7
What is the hundred thousands digit of 50711512?
7
What is the tens digit of 1867542317?
1
What is the hundred millions digit of 479153878?
4
What is the millions digit of 3806143136?
6
What is the ten millions digit of 45038218?
4
What is the millions digit of 199945891?
9
What is the billions digit of 1758308531?
1
What is the ten thousands digit of 18430096?
3
What is the hundred thousands digit of 1204802776?
8
What is the ten millions digit of 770395841?
7
What is the hundreds digit of 86339927?
9
What is the hundred millions digit of 204897094?
2
What is the units digit of 1604116901?
1
What is the tens digit of 5532241170?
7
What is the thousands digit of 135010356?
0
What is the tens digit of 1873786794?
9
What is the hundred thousands digit of 81288847?
2
What is the hundred thousands digit of 7683098212?
0
What is the tens digit of 696098472?
7
What is the hundred thousands digit of 69680034?
6
What is the ten millions digit of 62598849?
6
What is the hundred millions digit of 165188846?
1
What is the hundred thousands digit of 21580217?
5
What is the hundreds digit of 47086356?
3
What is the ten millions digit of 273289439?
7
What is the hundreds digit of 48780699?
6
What is the ten thousands digit of 9705949?
0
What is the tens digit of 646208646?
4
What is the ten thousands digit of 254244358?
4
What is the hundred thousands digit of 1008325682?
3
What is the tens digit of 101855680?
8
What is the tens digit of 186881548?
4
What is the tens digit of 28170248?
4
What is the hundred thousands digit of 20144925?
1
What is the ten thousands digit of 136432711?
3
What is the hundred thousands digit of 11646077?
6
What is the units digit of 826716154?
4
What is the ten thousands digit of 242216600?
1
What is the hundred millions digit of 158758536?
1
What is the hundreds digit of 62159379?
3
What is the thousands digit of 4358401355?
1
What is the tens digit of 581077494?
9
What is the units digit of 2080045264?
4
What is the ten millions digit of 30194174?
3
What is the millions digit of 36560128?
6
What is the ten thousands digit of 159429443?
2
What is the tens digit of 1612910181?
8
What is the billions digit of 2010841029?
2
What is the ten thousands digit of 233466546?
6
What is the tens digit of 16345927?
2
What is the ten millions digit of 410668643?
1
What is the millions digit of 2932711069?
2
What is the ten thousands digit of 23093090?
9
What is the thousands digit of 67772162?
2
What is the tens digit of 59192441?
4
What is the ten millions digit of 246510304?
4
What is the units digit of 21330231?
1
What is the hundreds digit of 97247536?
5
What is the hundreds digit of 3185944985?
9
What is the hundred millions digit of 2014157559?
0
What is the hundreds digit of 42927944?
9
What is the thousands digit of 42147891?
7
What is the millions digit of 913160578?
3
What is the ten millions digit of 57292189?
5
What is the hundred millions digit of 326338152?
3
What is the units digit of 1317721807?
7
What is the tens digit of 743046151?
5
What is the ten millions digit of 93958719?
9
What is the hundreds digit of 145927702?
7
What is the thousands digit of 159561079?
1
What is the thousands digit of 119517853?
7
What is the tens digit of 125321739?
3
What is the millions digit of 121466236?
1
What is the millions digit of 155479729?
5
What is the millions digit of 52232155?
2
What is the tens digit of 2477750004?
0
What is the millions digit of 1831936746?
1
What is the tens digit of 13293699?
9
What is the ten thousands digit of 259466580?
6
What is the millions digit of 690872323?
0
What is the hundreds digit of 23312507?
5
What is the hundreds digit of 1678051354?
3
What is the ten millions digit of 322701228?
2
What is the ten millions digit of 451068280?
5
What is the hundreds digit of 57556139?
1
What is the hundred thousands digit of 3815067050?
0
What is the ten millions digit of 2640106582?
4
What is the hundred thousands digit of 783283524?
2
What is the millions digit of 45752570?
5
What is the millions digit of 229278182?
9
What is the ten thousands digit of 5290036?
9
What is the millions digit of 3442555?
3
What is the hundreds digit of 704285061?
0
What is the thousands digit of 225910950?
0
What is the tens digit of 68172243?
4
What is the hundred millions digit of 1355783710?
3
What is the tens digit of 23521094?
9
What is the millions digit of 200613010?
0
What is the hundred thousands digit of 1406906229?
9
What is the hundred millions digit of 213674850?
2
What is the hundreds digit of 17831603?
6
What is the ten millions digit of 2777298156?
7
What is the thousands digit of 1111591099?
1
What is the thousands digit of 41014687?
4
What is the ten millions digit of 219947447?
1
What is the hundreds digit of 35259674?
6
What is the hundred millions digit of 146612896?
1
What is the tens digit of 965209536?
3
What is the tens digit of 118383413?
1
What is the millions digit of 1033804482?
3
What is the millions digit of 73160278?
3
What is the millions digit of 90943877?
0
What is the millions digit of 199332865?
9
What is the millions digit of 231708072?
1
What is the hundreds digit of 264828202?
2
What is the hundred thousands digit of 34974915?
9
What is the units digit of 225344880?
0
What is the units digit of 463041584?
4
What is the units digit of 417267834?
4
What is the hundreds digit of 1812845471?
4
What is the ten thousands digit of 2294149649?
4
What is the ten millions digit of 384601444?
8
What is the ten millions digit of 71942112?
7
What is the ten thousands digit of 93135636?
3
What is the units digit of 52049672?
2
What is the tens digit of 116297820?
2
What is the hundred thousands digit of 1844736483?
7
What is the thousands digit of 243970904?
0
What is the thousands digit of 23322279?
2
What is the ten millions digit of 1584171606?
8
What is the ten thousands digit of 611778534?
7
What is the tens digit of 469019785?
8
What is the thousands digit of 4953352786?
2
What is the millions digit of 159175229?
9
What is the hundred thousands digit of 30038845?
0
What is the hundred millions digit of 3230972752?
2
What is the hundred millions digit of 8343834648?
3
What is the millions digit of 154314440?
4
What is the ten thousands digit of 1039027422?
2
What is the units digit of 1035540724?
4
What is the hundred thousands digit of 6079965600?
9
What is the ten millions digit of 1401839926?
0
What is the tens digit of 55852145?
4
What is the hundreds digit of 131868708?
7
What is the millions digit of 54105903?
4
What is the tens digit of 1371140177?
7
What is the ten thousands digit of 5076730?
7
What is the ten millions digit of 1299255688?
9
What is the ten thousands digit of 3323048219?
4
What is the tens digit of 260410121?
2
What is the tens digit of 4403283683?
8
What is the hundred thousands digit of 2674304542?
3
What is the ten thousands digit of 6279389249?
8
What is the millions digit of 180716168?
0
What is the ten millions digit of 612594038?
1
What is the ten thousands digit of 41524156?
2
What is the tens digit of 189377478?
7
What is the millions digit of 4011352?
4
What is the ten thousands digit of 8618416021?
1
What is the millions digit of 300593387?
0
What is the hundred millions digit of 1730054771?
7
What is the thousands digit of 9781147?
1
What is the ten millions digit of 29860538?
2
What is the ten thousands digit of 8402